{"id":2042,"date":"2025-09-10T14:18:12","date_gmt":"2025-09-10T17:18:12","guid":{"rendered":"https:\/\/tecnolubrificantes.com.br\/?page_id=2042"},"modified":"2025-10-29T18:24:59","modified_gmt":"2025-10-29T21:24:59","slug":"tecno-synt-lubrif-100","status":"publish","type":"page","link":"https:\/\/tecnolubrificantes.com.br\/?page_id=2042","title":{"rendered":"PRODUTO 02 &#8211; TECNO SYNT LUBRIF 100"},"content":{"rendered":"\t\t<div data-elementor-type=\"wp-page\" data-elementor-id=\"2042\" class=\"elementor elementor-2042\" data-elementor-post-type=\"page\">\n\t\t\t\t<div class=\"elementor-element elementor-element-63a14e23 e-flex e-con-boxed e-con e-parent\" data-id=\"63a14e23\" data-element_type=\"container\" data-e-type=\"container\">\n\t\t\t\t\t<div class=\"e-con-inner\">\n\t\t<div class=\"elementor-element elementor-element-18a5574d e-con-full e-flex e-con e-child\" data-id=\"18a5574d\" data-element_type=\"container\" data-e-type=\"container\">\n\t\t<div class=\"elementor-element elementor-element-3c231d3c e-con-full e-flex e-con e-child\" data-id=\"3c231d3c\" data-element_type=\"container\" data-e-type=\"container\">\n\t\t<div class=\"elementor-element elementor-element-66f3e362 e-con-full e-flex e-con e-child\" data-id=\"66f3e362\" data-element_type=\"container\" data-e-type=\"container\">\n\t\t\t\t<div class=\"elementor-element elementor-element-47390036 elementor-widget elementor-widget-heading\" data-id=\"47390036\" data-element_type=\"widget\" data-e-type=\"widget\" data-widget_type=\"heading.default\">\n\t\t\t\t<div class=\"elementor-widget-container\">\n\t\t\t\t\t<h2 class=\"elementor-heading-title elementor-size-default\">TECNO SYNT LUBRIF 100<\/h2>\t\t\t\t<\/div>\n\t\t\t\t<\/div>\n\t\t\t\t<div class=\"elementor-element elementor-element-19757117 elementor-widget elementor-widget-text-editor\" data-id=\"19757117\" data-element_type=\"widget\" data-e-type=\"widget\" data-widget_type=\"text-editor.default\">\n\t\t\t\t<div class=\"elementor-widget-container\">\n\t\t\t\t\t\t\t\t\t<p>\u00d3leo Sint\u00e9tico Sol\u00favel para Opera\u00e7\u00f5es de Usinagem<\/p>\t\t\t\t\t\t\t\t<\/div>\n\t\t\t\t<\/div>\n\t\t\t\t<div class=\"elementor-element elementor-element-5c6a29e2 elementor-align-justify elementor-widget elementor-widget-button\" data-id=\"5c6a29e2\" data-element_type=\"widget\" data-e-type=\"widget\" data-widget_type=\"button.default\">\n\t\t\t\t<div class=\"elementor-widget-container\">\n\t\t\t\t\t\t\t\t\t<div class=\"elementor-button-wrapper\">\n\t\t\t\t\t<a class=\"elementor-button elementor-button-link elementor-size-sm\" href=\"https:\/\/wa.me\/553134925925?text=Ol%C3%A1%2C%20vim%20do%20seu%20Site%20e%20gostaria%20de%20mais%20informa%C3%A7%C3%B5es%2C%20por%20favor\">\n\t\t\t\t\t\t<span class=\"elementor-button-content-wrapper\">\n\t\t\t\t\t\t\t\t\t<span class=\"elementor-button-text\">SOLICITAR OR\u00c7AMENTO<\/span>\n\t\t\t\t\t<\/span>\n\t\t\t\t\t<\/a>\n\t\t\t\t<\/div>\n\t\t\t\t\t\t\t\t<\/div>\n\t\t\t\t<\/div>\n\t\t\t\t<\/div>\n\t\t\t\t<\/div>\n\t\t<div class=\"elementor-element elementor-element-5a82d866 e-con-full e-flex e-con e-child\" data-id=\"5a82d866\" data-element_type=\"container\" data-e-type=\"container\">\n\t\t\t\t<div class=\"elementor-element elementor-element-45977d22 elementor-widget elementor-widget-image\" data-id=\"45977d22\" data-element_type=\"widget\" data-e-type=\"widget\" data-widget_type=\"image.default\">\n\t\t\t\t<div class=\"elementor-widget-container\">\n\t\t\t\t\t\t\t\t\t\t\t\t\t\t\t<img fetchpriority=\"high\" decoding=\"async\" width=\"800\" height=\"800\" src=\"https:\/\/tecnolubrificantes.com.br\/wp-content\/uploads\/2025\/09\/TECNO-LUBRIFICANTE-1.png\" class=\"attachment-large size-large wp-image-2730\" alt=\"\" srcset=\"https:\/\/tecnolubrificantes.com.br\/wp-content\/uploads\/2025\/09\/TECNO-LUBRIFICANTE-1.png 1024w, https:\/\/tecnolubrificantes.com.br\/wp-content\/uploads\/2025\/09\/TECNO-LUBRIFICANTE-1-300x300.png 300w, https:\/\/tecnolubrificantes.com.br\/wp-content\/uploads\/2025\/09\/TECNO-LUBRIFICANTE-1-150x150.png 150w, https:\/\/tecnolubrificantes.com.br\/wp-content\/uploads\/2025\/09\/TECNO-LUBRIFICANTE-1-768x768.png 768w, https:\/\/tecnolubrificantes.com.br\/wp-content\/uploads\/2025\/09\/TECNO-LUBRIFICANTE-1-600x600.png 600w, https:\/\/tecnolubrificantes.com.br\/wp-content\/uploads\/2025\/09\/TECNO-LUBRIFICANTE-1-100x100.png 100w\" sizes=\"(max-width: 800px) 100vw, 800px\" \/>\t\t\t\t\t\t\t\t\t\t\t\t\t\t\t<\/div>\n\t\t\t\t<\/div>\n\t\t\t\t<\/div>\n\t\t\t\t<\/div>\n\t\t<div class=\"elementor-element elementor-element-5f4a2c43 e-con-full e-flex e-con e-child\" data-id=\"5f4a2c43\" data-element_type=\"container\" data-e-type=\"container\">\n\t\t\t\t<div class=\"elementor-element elementor-element-69ad5736 elementor-widget-divider--view-line elementor-widget elementor-widget-divider\" data-id=\"69ad5736\" data-element_type=\"widget\" data-e-type=\"widget\" data-widget_type=\"divider.default\">\n\t\t\t\t<div class=\"elementor-widget-container\">\n\t\t\t\t\t\t\t<div class=\"elementor-divider\">\n\t\t\t<span class=\"elementor-divider-separator\">\n\t\t\t\t\t\t<\/span>\n\t\t<\/div>\n\t\t\t\t\t\t<\/div>\n\t\t\t\t<\/div>\n\t\t\t\t<\/div>\n\t\t<div class=\"elementor-element elementor-element-ab3fc3d e-con-full e-flex e-con e-child\" data-id=\"ab3fc3d\" data-element_type=\"container\" data-e-type=\"container\">\n\t\t\t\t<div class=\"elementor-element elementor-element-385b18f5 elementor-widget elementor-widget-heading\" data-id=\"385b18f5\" data-element_type=\"widget\" data-e-type=\"widget\" data-widget_type=\"heading.default\">\n\t\t\t\t<div class=\"elementor-widget-container\">\n\t\t\t\t\t<h2 class=\"elementor-heading-title elementor-size-default\">Por que usar  SYNT LUBRIF 100<\/h2>\t\t\t\t<\/div>\n\t\t\t\t<\/div>\n\t\t\t\t<div class=\"elementor-element elementor-element-17eb94dd elementor-widget elementor-widget-text-editor\" data-id=\"17eb94dd\" data-element_type=\"widget\" data-e-type=\"widget\" data-widget_type=\"text-editor.default\">\n\t\t\t\t<div class=\"elementor-widget-container\">\n\t\t\t\t\t\t\t\t\t<p dir=\"ltr\" style=\"line-height: 1.38; margin-top: 12pt; margin-bottom: 12pt;\">Em processos de usinagem, a escolha do fluido de corte \u00e9 determinante para a qualidade da pe\u00e7a final, o rendimento da ferramenta e os custos de produ\u00e7\u00e3o. Operar com lubrifica\u00e7\u00e3o inadequada resulta em superaquecimento, desgaste prematuro e acabamento inferior \u2014 o que compromete a produtividade e eleva o retrabalho.<\/p><p dir=\"ltr\" style=\"line-height: 1.38; margin-top: 12pt; margin-bottom: 12pt;\">TECNO SYNT LUBRIF 100 foi desenvolvido para entregar excelente refrigera\u00e7\u00e3o, lubrifica\u00e7\u00e3o e estabilidade da solu\u00e7\u00e3o, garantindo o m\u00e1ximo desempenho em fresas, ret\u00edficas, tornos e m\u00e1quinas CNC.<\/p>\t\t\t\t\t\t\t\t<\/div>\n\t\t\t\t<\/div>\n\t\t\t\t<\/div>\n\t\t<div class=\"elementor-element elementor-element-1c7d00dc e-con-full e-flex e-con e-child\" data-id=\"1c7d00dc\" data-element_type=\"container\" data-e-type=\"container\">\n\t\t\t\t<div class=\"elementor-element elementor-element-4add5af8 elementor-widget-divider--view-line elementor-widget elementor-widget-divider\" data-id=\"4add5af8\" data-element_type=\"widget\" data-e-type=\"widget\" data-widget_type=\"divider.default\">\n\t\t\t\t<div class=\"elementor-widget-container\">\n\t\t\t\t\t\t\t<div class=\"elementor-divider\">\n\t\t\t<span class=\"elementor-divider-separator\">\n\t\t\t\t\t\t<\/span>\n\t\t<\/div>\n\t\t\t\t\t\t<\/div>\n\t\t\t\t<\/div>\n\t\t\t\t<\/div>\n\t\t\t\t\t<\/div>\n\t\t\t\t<\/div>\n\t\t<div class=\"elementor-element elementor-element-30e09ce7 e-flex e-con-boxed e-con e-parent\" data-id=\"30e09ce7\" data-element_type=\"container\" data-e-type=\"container\">\n\t\t\t\t\t<div class=\"e-con-inner\">\n\t\t\t\t<div class=\"elementor-element elementor-element-78ccf084 elementor-widget elementor-widget-heading\" data-id=\"78ccf084\" data-element_type=\"widget\" data-e-type=\"widget\" data-widget_type=\"heading.default\">\n\t\t\t\t<div class=\"elementor-widget-container\">\n\t\t\t\t\t<h2 class=\"elementor-heading-title elementor-size-default\">Benef\u00edcios T\u00e9cnicos e Operacionais<\/h2>\t\t\t\t<\/div>\n\t\t\t\t<\/div>\n\t\t\t\t<div class=\"elementor-element elementor-element-fec1ad5 elementor-widget elementor-widget-text-editor\" data-id=\"fec1ad5\" data-element_type=\"widget\" data-e-type=\"widget\" data-widget_type=\"text-editor.default\">\n\t\t\t\t<div class=\"elementor-widget-container\">\n\t\t\t\t\t\t\t\t\t<ul><li><b>Melhor rendimento da ferramenta: <\/b>reduz atrito e calor, prolongando a vida \u00fatil do ferramental.<\/li><li><b>Acabamento superior: <\/b>promove cortes mais limpos e superf\u00edcies de melhor qualidade.<\/li><li><b>Estabilidade da solu\u00e7\u00e3o: <\/b>mant\u00e9m desempenho constante, mesmo em uso prolongado.<\/li><li><strong>Economia de processo:<\/strong> menor consumo de ferramentas e menos necessidade de retrabalho.<\/li><\/ul>\t\t\t\t\t\t\t\t<\/div>\n\t\t\t\t<\/div>\n\t\t\t\t\t<\/div>\n\t\t\t\t<\/div>\n\t\t<div class=\"elementor-element elementor-element-31ea5d4b e-flex e-con-boxed e-con e-parent\" data-id=\"31ea5d4b\" data-element_type=\"container\" data-e-type=\"container\">\n\t\t\t\t\t<div class=\"e-con-inner\">\n\t\t\t\t<div class=\"elementor-element elementor-element-167a8874 elementor-widget-divider--view-line elementor-widget elementor-widget-divider\" data-id=\"167a8874\" data-element_type=\"widget\" data-e-type=\"widget\" data-widget_type=\"divider.default\">\n\t\t\t\t<div class=\"elementor-widget-container\">\n\t\t\t\t\t\t\t<div class=\"elementor-divider\">\n\t\t\t<span class=\"elementor-divider-separator\">\n\t\t\t\t\t\t<\/span>\n\t\t<\/div>\n\t\t\t\t\t\t<\/div>\n\t\t\t\t<\/div>\n\t\t\t\t<div class=\"elementor-element elementor-element-7191268f elementor-widget elementor-widget-heading\" data-id=\"7191268f\" data-element_type=\"widget\" data-e-type=\"widget\" data-widget_type=\"heading.default\">\n\t\t\t\t<div class=\"elementor-widget-container\">\n\t\t\t\t\t<h2 class=\"elementor-heading-title elementor-size-default\">Aplica\u00e7\u00f5es Recomendadas<\/h2>\t\t\t\t<\/div>\n\t\t\t\t<\/div>\n\t\t\t\t<div class=\"elementor-element elementor-element-15966624 elementor-widget elementor-widget-text-editor\" data-id=\"15966624\" data-element_type=\"widget\" data-e-type=\"widget\" data-widget_type=\"text-editor.default\">\n\t\t\t\t<div class=\"elementor-widget-container\">\n\t\t\t\t\t\t\t\t\t<p><strong>Indicado para opera\u00e7\u00f5es de:<\/strong><\/p><p>Fresamento e ret\u00edfica.<\/p><p>Torneamento e fura\u00e7\u00e3o.<\/p><p>M\u00e1quinas CNC e processos de usinagem em geral.<\/p>\t\t\t\t\t\t\t\t<\/div>\n\t\t\t\t<\/div>\n\t\t\t\t<div class=\"elementor-element elementor-element-376a10df elementor-widget-divider--view-line elementor-widget elementor-widget-divider\" data-id=\"376a10df\" data-element_type=\"widget\" data-e-type=\"widget\" data-widget_type=\"divider.default\">\n\t\t\t\t<div class=\"elementor-widget-container\">\n\t\t\t\t\t\t\t<div class=\"elementor-divider\">\n\t\t\t<span class=\"elementor-divider-separator\">\n\t\t\t\t\t\t<\/span>\n\t\t<\/div>\n\t\t\t\t\t\t<\/div>\n\t\t\t\t<\/div>\n\t\t\t\t\t<\/div>\n\t\t\t\t<\/div>\n\t\t<div class=\"elementor-element elementor-element-59f34ba9 e-flex e-con-boxed e-con e-parent\" data-id=\"59f34ba9\" data-element_type=\"container\" data-e-type=\"container\">\n\t\t\t\t\t<div class=\"e-con-inner\">\n\t\t\t\t<div class=\"elementor-element elementor-element-4580048b elementor-widget elementor-widget-heading\" data-id=\"4580048b\" data-element_type=\"widget\" data-e-type=\"widget\" data-widget_type=\"heading.default\">\n\t\t\t\t<div class=\"elementor-widget-container\">\n\t\t\t\t\t<h2 class=\"elementor-heading-title elementor-size-default\">Especifica\u00e7\u00f5es T\u00e9cnicas<\/h2>\t\t\t\t<\/div>\n\t\t\t\t<\/div>\n\t\t\t\t<div class=\"elementor-element elementor-element-118fef8 elementor-widget elementor-widget-text-editor\" data-id=\"118fef8\" data-element_type=\"widget\" data-e-type=\"widget\" data-widget_type=\"text-editor.default\">\n\t\t\t\t<div class=\"elementor-widget-container\">\n\t\t\t\t\t\t\t\t\t<p><strong>Base:<\/strong> \u00f3leo sint\u00e9tico sol\u00favel.<\/p><p><strong>Dilui\u00e7\u00e3o:<\/strong> de 1:20 a 1:40 em \u00e1gua, conforme o tipo de opera\u00e7\u00e3o.<\/p><p><strong>Caracter\u00edsticas:<\/strong> elevada refrigera\u00e7\u00e3o, baixo arraste, boa estabilidade microbiol\u00f3gica.<\/p><div>\u00a0<\/div>\t\t\t\t\t\t\t\t<\/div>\n\t\t\t\t<\/div>\n\t\t\t\t<div class=\"elementor-element elementor-element-70dd23a7 elementor-widget-divider--view-line elementor-widget elementor-widget-divider\" data-id=\"70dd23a7\" data-element_type=\"widget\" data-e-type=\"widget\" data-widget_type=\"divider.default\">\n\t\t\t\t<div class=\"elementor-widget-container\">\n\t\t\t\t\t\t\t<div class=\"elementor-divider\">\n\t\t\t<span class=\"elementor-divider-separator\">\n\t\t\t\t\t\t<\/span>\n\t\t<\/div>\n\t\t\t\t\t\t<\/div>\n\t\t\t\t<\/div>\n\t\t\t\t\t<\/div>\n\t\t\t\t<\/div>\n\t\t<div class=\"elementor-element elementor-element-66a93a64 e-flex e-con-boxed e-con e-parent\" data-id=\"66a93a64\" data-element_type=\"container\" data-e-type=\"container\">\n\t\t\t\t\t<div class=\"e-con-inner\">\n\t\t\t\t<div class=\"elementor-element elementor-element-1bf7df56 elementor-widget elementor-widget-heading\" data-id=\"1bf7df56\" data-element_type=\"widget\" data-e-type=\"widget\" data-widget_type=\"heading.default\">\n\t\t\t\t<div class=\"elementor-widget-container\">\n\t\t\t\t\t<h2 class=\"elementor-heading-title elementor-size-default\">Qualidade e Confiabilidade<\/h2>\t\t\t\t<\/div>\n\t\t\t\t<\/div>\n\t\t\t\t<div class=\"elementor-element elementor-element-746529e elementor-widget elementor-widget-text-editor\" data-id=\"746529e\" data-element_type=\"widget\" data-e-type=\"widget\" data-widget_type=\"text-editor.default\">\n\t\t\t\t<div class=\"elementor-widget-container\">\n\t\t\t\t\t\t\t\t\t<p><span id=\"docs-internal-guid-3a514e38-7fff-5b20-9c4e-4874f0d98d88\"><span style=\"font-size: 12pt; font-family: Arial, sans-serif; background-color: transparent; font-variant-numeric: normal; font-variant-east-asian: normal; font-variant-alternates: normal; font-variant-position: normal; font-variant-emoji: normal; vertical-align: baseline; white-space-collapse: preserve;\">Produzido sob rigorosos padr\u00f5es de qualidade, garantindo <\/span><span style=\"font-size: 12pt; font-family: Arial, sans-serif; background-color: transparent; font-weight: bold; font-variant-numeric: normal; font-variant-east-asian: normal; font-variant-alternates: normal; font-variant-position: normal; font-variant-emoji: normal; vertical-align: baseline; white-space-collapse: preserve;\">compatibilidade com diferentes ligas met\u00e1licas<\/span><span style=\"font-size: 12pt; font-family: Arial, sans-serif; background-color: transparent; font-variant-numeric: normal; font-variant-east-asian: normal; font-variant-alternates: normal; font-variant-position: normal; font-variant-emoji: normal; vertical-align: baseline; white-space-collapse: preserve;\"> e seguran\u00e7a no manuseio.<\/span><\/span><\/p>\t\t\t\t\t\t\t\t<\/div>\n\t\t\t\t<\/div>\n\t\t\t\t\t<\/div>\n\t\t\t\t<\/div>\n\t\t<div class=\"elementor-element elementor-element-71a7576 e-flex e-con-boxed e-con e-parent\" data-id=\"71a7576\" data-element_type=\"container\" data-e-type=\"container\">\n\t\t\t\t\t<div class=\"e-con-inner\">\n\t\t\t\t<div class=\"elementor-element elementor-element-e277432 elementor-widget elementor-widget-heading\" data-id=\"e277432\" data-element_type=\"widget\" data-e-type=\"widget\" data-widget_type=\"heading.default\">\n\t\t\t\t<div class=\"elementor-widget-container\">\n\t\t\t\t\t<h2 class=\"elementor-heading-title elementor-size-default\">Resultados que Entregamos<\/h2>\t\t\t\t<\/div>\n\t\t\t\t<\/div>\n\t\t\t\t<div class=\"elementor-element elementor-element-a15d8e6 elementor-widget elementor-widget-text-editor\" data-id=\"a15d8e6\" data-element_type=\"widget\" data-e-type=\"widget\" data-widget_type=\"text-editor.default\">\n\t\t\t\t<div class=\"elementor-widget-container\">\n\t\t\t\t\t\t\t\t\t<p>Com TECNO SYNT LUBRIF 100, voc\u00ea obt\u00e9m:<\/p><p><b>\u00a0<\/b><\/p><p><b>Maior vida \u00fatil de ferramentas \u2192 <\/b>Menos trocas e maior produtividade.<\/p><p>\u00a0<\/p><p><b>Melhor acabamento das pe\u00e7as \u2192 <\/b>Reduz rejei\u00e7\u00f5es e aumenta a precis\u00e3o dimensional.<\/p><p>\u00a0<\/p><p><b>Economia real no processo \u2192 <\/b>Menos desperd\u00edcio de fluido e menor custo por pe\u00e7a produzida.<\/p><p>\u00a0<\/p><p><b>Solicite um or\u00e7amento para ter o TECNO SYNT LUBRIF 100 otimizando o seu processo de usinagem.<\/b><\/p><div>\u00a0<\/div>\t\t\t\t\t\t\t\t<\/div>\n\t\t\t\t<\/div>\n\t\t\t\t<div class=\"elementor-element elementor-element-7dac087 elementor-widget-divider--view-line elementor-widget elementor-widget-divider\" data-id=\"7dac087\" data-element_type=\"widget\" data-e-type=\"widget\" data-widget_type=\"divider.default\">\n\t\t\t\t<div class=\"elementor-widget-container\">\n\t\t\t\t\t\t\t<div class=\"elementor-divider\">\n\t\t\t<span class=\"elementor-divider-separator\">\n\t\t\t\t\t\t<\/span>\n\t\t<\/div>\n\t\t\t\t\t\t<\/div>\n\t\t\t\t<\/div>\n\t\t\t\t\t<\/div>\n\t\t\t\t<\/div>\n\t\t<div class=\"elementor-element elementor-element-4ab3dc3c e-flex e-con-boxed e-con e-parent\" data-id=\"4ab3dc3c\" data-element_type=\"container\" data-e-type=\"container\">\n\t\t\t\t\t<div class=\"e-con-inner\">\n\t\t\t\t<div class=\"elementor-element elementor-element-5681f6b elementor-align-center elementor-widget elementor-widget-button\" data-id=\"5681f6b\" data-element_type=\"widget\" data-e-type=\"widget\" data-widget_type=\"button.default\">\n\t\t\t\t<div class=\"elementor-widget-container\">\n\t\t\t\t\t\t\t\t\t<div class=\"elementor-button-wrapper\">\n\t\t\t\t\t<a class=\"elementor-button elementor-button-link elementor-size-sm\" href=\"https:\/\/wa.me\/553134925925?text=Ol%C3%A1%2C%20vim%20do%20seu%20Site%20e%20gostaria%20de%20mais%20informa%C3%A7%C3%B5es%2C%20por%20favor\">\n\t\t\t\t\t\t<span class=\"elementor-button-content-wrapper\">\n\t\t\t\t\t\t\t\t\t<span class=\"elementor-button-text\">SOLICITAR OR\u00c7AMENTO<\/span>\n\t\t\t\t\t<\/span>\n\t\t\t\t\t<\/a>\n\t\t\t\t<\/div>\n\t\t\t\t\t\t\t\t<\/div>\n\t\t\t\t<\/div>\n\t\t\t\t\t<\/div>\n\t\t\t\t<\/div>\n\t\t\t\t<\/div>\n\t\t","protected":false},"excerpt":{"rendered":"<p>TECNO SYNT LUBRIF 100 \u00d3leo Sint\u00e9tico Sol\u00favel para Opera\u00e7\u00f5es de Usinagem SOLICITAR OR\u00c7AMENTO Por que usar SYNT LUBRIF 100 Em processos de usinagem, a escolha do fluido de corte \u00e9 determinante para a qualidade da pe\u00e7a final, o rendimento da ferramenta e os custos de produ\u00e7\u00e3o. Operar com lubrifica\u00e7\u00e3o inadequada resulta em superaquecimento, desgaste prematuro [&hellip;]<\/p>\n","protected":false},"author":1,"featured_media":0,"parent":0,"menu_order":0,"comment_status":"closed","ping_status":"closed","template":"elementor_header_footer","meta":{"_joinchat":[],"footnotes":""},"class_list":["post-2042","page","type-page","status-publish","hentry"],"_links":{"self":[{"href":"https:\/\/tecnolubrificantes.com.br\/index.php?rest_route=\/wp\/v2\/pages\/2042","targetHints":{"allow":["GET"]}}],"collection":[{"href":"https:\/\/tecnolubrificantes.com.br\/index.php?rest_route=\/wp\/v2\/pages"}],"about":[{"href":"https:\/\/tecnolubrificantes.com.br\/index.php?rest_route=\/wp\/v2\/types\/page"}],"author":[{"embeddable":true,"href":"https:\/\/tecnolubrificantes.com.br\/index.php?rest_route=\/wp\/v2\/users\/1"}],"replies":[{"embeddable":true,"href":"https:\/\/tecnolubrificantes.com.br\/index.php?rest_route=%2Fwp%2Fv2%2Fcomments&post=2042"}],"version-history":[{"count":46,"href":"https:\/\/tecnolubrificantes.com.br\/index.php?rest_route=\/wp\/v2\/pages\/2042\/revisions"}],"predecessor-version":[{"id":3065,"href":"https:\/\/tecnolubrificantes.com.br\/index.php?rest_route=\/wp\/v2\/pages\/2042\/revisions\/3065"}],"wp:attachment":[{"href":"https:\/\/tecnolubrificantes.com.br\/index.php?rest_route=%2Fwp%2Fv2%2Fmedia&parent=2042"}],"curies":[{"name":"wp","href":"https:\/\/api.w.org\/{rel}","templated":true}]}}